1 + 5)).
56
What is -10 + -53 + 13 + 120?
70
Calculate -9 + (8 - (-12 - -6)) - (1 - 35 - -1).
38
Evaluate (6 - 2 - (24 + -5 + -2)) + (17 - -39).
43
Calculate -10 - (4 - (-1 + -3) - (44 + 7)) - 3.
30
What is -20 + (44 - -13) + -54?
-17
-2 - ((2 - -5) + (2 - 4) + -26)
19
-1 + 3 + (-1 - ((-5 - (15 + -7)) + 0))
14
Calculate -41 - (12 - (12 + -14 + 9 - -1)).
-45
Calculate -49 + 120 + -28 + 6.
49
What is the value of 4 + -9 + (13 - -2) + 2?
12
What is (-20 - ((-1 - 8) + (49 - 59))) + 3 + 1?
3
What is the value of (16 - (-31 + 63 + (-3 - 11))) + -67?
-69
What is (5 - 0) + (-9 - (-27 + (-22 - -6) + 23))?
16
What is 9 + (1 - 2) - ((-40 - -27) + 72 - 46)?
-5
59 + (-69 - 24 - -35)
1
What is -373 - -439 - (10 + 53)?
3
What is (11 - 0) + -157 + 166 - (-3 - 8)?
31
Calculate 6 - (-65 + 15 + (18 - 26)).
64
What is -11 + 28 + (-1 - (-12 - 2 - 60))?
90
Evaluate (-15 - 3 - (277 + -279)) + -5.
-21
What is the value of (2037 - 2100) + -1 + -38?
-102
Evaluate (-15 - (68 + -17)) + (10 - 10 - (10 + 1)).
-77
Evaluate (0 - -2) + (-298 - -283) - -20.
7
Evaluate 67 + -112 + (-6 + 11 + -6 - 4).
-50
Calculate -10 - 7 - (-31 + 3 + 11) - 54.
-54
Evaluate -10 + 23 + (99 + 0 - 0 - (-149 - -151)).
110
-3 + (4 - ((8 - (3 - 3)) + 51 + -66))
8
Evaluate (-11 - -10) + 14 + (22 - (-13 - -5)).
43
Evaluate 28 - (-67 + 94) - (-5 - (1 + -70)).
-63
Calculate -9 + (75 - (123 - 59)).
2
What is 19 - (16 - 18 - -4) - -2?
19
What is the value of (3 - 53 - (-42 + 50)) + 2 + 7?
-49
Calculate 157 - (20 + -62 + 50 + (16 - 1)).
134
What is the value of -14 + 0 - (646 + -654) - (1 + -13)?
6
What is 2 - (-38 - (18 + -16))?
42
What is the value of 0 + -64 + 7838 + -7795?
-21
Evaluate -3 - (-6 - (158 - 13)) - (-5 - 1 - -13).
141
What is the value of (20 + 8 + -31 - (7 + -11)) + (-2 - 6)?
-7
What is -225 + 166 - (3 + 5 - 25)?
-42
What is (-82 + 168 - -22) + -4 + -39?
65
Calculate (10 + -23 + -8 + 29 - 25) + -7.
-24
What is the value of 0 + -38 - (5 + 8 - ((31 - 38) + 22))?
-36
Calculate (-58 - -25 - -5) + 41.
13
Evaluate -4 + -29 + 12 - -83.
62
Calculate (-12 - (-1 + -57 - 20)) + -22.
44
Evaluate -82 - (0 + 8 + (4 - 3) - (-1323 - -1340)).
-74
Evaluate -17 + -18 + 4 + 15 + (73 - (-5 + 2)).
60
Evaluate -61 + -159 + 118 - -100.
-2
Calculate -7 + (77 + -89 - (4 - 0)).
-23
-5 + (14 - 14 - -12) - 10 - 98
-101
1 + -45 + (32 + -44 + 23 - 23)
-56
Calculate (390 - 183) + (-28 - 107).
72
Evaluate 10 + 9 + -11 - (-42 + 56) - -21.
15
Evaluate (-1448 - -1346) + 9 + 10.
-83
What is (14 - (-7 + 9 + 1 + 5)) + -11?
-5
Calculate 476 - 435 - (7 + -5 + 20).
19
What is 8 - (2 + 24) - (-11 + 90 + 1)?
-98
Calculate 1 + 9 - ((-53 - 37) + 31 + -26).
95
72 + -90 + (-23 - -42)
1
Calculate 84 - 6 - ((-8 - -3) + -4 + 4) - 7.
76
Evaluate -6 + (0 - 9) + (-38 - -42 - -5) - -105.
99
What is -49 + 44 - ((-3 - 2) + (33 - -28))?
-61
What is 18 + -2 + 141 + -151 - 23?
-17
What is -1 - (21 + (24 + -14 - (4 - 1)))?
-29
What is the value of -47 - (-21 + 68) - (16 - -5)?
-115
1 - (49 - (2 - -10)) - (-5 + 12)
-43
(-58 - -28 - (-10 + 17 - 10)) + -3
-30
Evaluate -161 + 47 + 25 + 1.
-88
Evaluate 1 + -29 + (-275 - -347) - -47.
91
Evaluate (-48 - -48) + (18 - (14 + -15)).
19
What is 8 + -9 - (-4 - (-7 + 10)) - -8?
14
Calculate 555 + -542 + 6 + -2 + (-69 - -1).
-51
What is 49 + (-3 - -2) + 20 + -37?
31
What is the value of 5 + (6 + (-17 - 4) - 54) + 6?
-58
Evaluate 76 - 51 - 38 - (3 + 2 + -40).
22
What is the value of -91 - (13 + 120 - 104)?
-120
Evaluate (-22 - -19) + (-8 - (-22 + -2)) - -31.
44
Evaluate 10 - (-3 + (10 - 7) + (-7 - -17)).
0
What is 8 - (11 + 0 + -26 + 29) - (1 - 50)?
43
What is -2 + 11 + 132 + (154 - 164)?
131
Calculate 27 - (9 - -13 - 50 - -53).
2
Evaluate (-14 - (17 - 45)) + -18 - (3 - (26 + -1)).
18
What is -24 + (-27 - (-32 - -13)) + 6 + 1?
-25
2 + (-11 - (0 + 0)) - (-25 - (-2 - -41))
55
What is -65 - (30 - (9 + 26) - (0 + -7) - -7)?
-74
(20 - (143 + -280)) + -29
128
What is the value of 90 - (-17 + -3 + 28 - (-1 - 3))?
78
Evaluate -31 + 19 + 32 + (-15 + 4 - -1).
10
Evaluate -15 + 1 + (127 - 49) + -55.
9
-405 + 387 - (-65 + 10)
37
Calculate 1 - ((-33 - -23) + -17 + -1).
29
(-5 - (-10 + 46) - 9) + (-4 - -11)
-43
What is -81 - 4 - (44 + -162)?
33
What is -10 + (-44 - -30 - -40)?
16
Evaluate -160 + 57 + (-1 - -9) + (-1 - -17).
-79
(-17 + 19 - 12) + -4 + -9 + 129
106
Evaluate -94 - (8 + ((-85 - -78) + (3 - -2) - -5)).
-105
What is the value of 6 + -30 + 65 + -72 - (-2 + -2)?
-27
11 + (-16 + 136 + 3 + -2 - 8)
124
What is -50 + 15 + -31 - 3 - -16 - 1?
-54
Evaluate -1 + (-1 - (-4 - -14)) + 67 + 8 + 1.
64
What is the value of -18 + 21 - (-25 - -20) - (80 + 4 - 0)?
-76
8 - (-11 + -22 - (-13 + 17 + -7))
38
20 + (-49 - (-18 + -11)) + -14
-14
What is -5 - -1 - (-879 - -853) - -80?
102
Calculate -48 + 91 - (12 + (-3 - -5)).
29
What is the value of (62 + -15 + -4 - 19) + -55?
-31
Calculate -3 + (5 - 2) + 0 + -1 - (-2637 + 2656).
-20
Calculate -8 + 0 + ((4 - -7) + -22 + 45 - -8).
34
Calculate -4 + (-16 - -1) - 76 - (-3 + -11).
-81
Evaluate (-13 - 6) + -236 + 264.
9
Calculate (-93 - (-25 + -64)) + -1 + -15.
-20
2 - 0 - (-1046 + 1065)
-17
Calculate -545 + 519 - ((-4 - -5) + -36).
9
Evaluate 175 + -97 + -52 + 36.
62
-26 - (-16 + -5 - (-59 + 58))
-6
11 - (58 + -8) - -13 - (-18 - -4) - -18
6
Calculate (-96 - -46 - 3) + -24.
-77
-25 + (42 - (2 - 11)) - 3
23
What is (6 - 108) + -115 + 70 + 54?
-93
7 + -1 + (-2 - (5 - 15)) - -21
35
What is -8 + (5 - -2) - (-5 - -7) - -60?
57
30 - (59 - (10 + 2)) - 3
-20
Calculate -99 + 0 + (-14 - -74).
-39
Calculate -3 + -12 + 29 + -16 + 5.
3
Calculate -1 + 3 + 2 + 41 + -24 + -57.
-36
0 - -11 - (-84 - 2 - (-129 - -122) - -12)
78
34 + (-40 - (112 + -51))
-67
What is the value of -19227 - -19271 - ((-2 - 17) + -1)?
64
Evaluate 52 + -33 - (-10 + (4 - -6)).
19
-10 - 44 - (1 - -17 - (-124 - -160))
-36
3 - 69 - 1 - (24 - (56 + -41 + 22))
-54
What is the value of 58 - (3 - 3) - ((120 - 63) + -50)?
51
Evaluate (-21 + 26 + -55 - -4) + 8.
-38
Calculate (-4 - ((70 - 3) + -9)) + 17 + -30.
-75
Calculate (7 - 9) + (-1 + 4 - (-54 + 56)) + 10.
9
What is (15 - (3 + -21 - -17)) + 71 + -13?
74
What is 9 + -21 + 18 + -23 + -9?
-26
Calculate 7 - (6 + (-12 - -11) - (-3 - (-3 + -15))).
17
What is the value of -2 + -195 + (-1001 - -1106)?
-92
What is the value of -6 + (-2 - -2) - ((20 - 0) + (-764 - -746))?
-8
What is the value of ((22 - 12) + -12 - -2) + -6 + 2 + 4?
0
12 + (10 - (4 - (43 + 2)) - -18)
81
Calculate 5 + 0 + -7 + 32 + -12 + 3.
21
-9 - 1 - (2 + -3 - (-14 - -12)) - -4
-7
-95 - (-73 - -99 - 95)
-26
Evaluate -6 + -2 + -4 + -468 + 493.
13
234 - 26 - (-77 + 188)
97
What is 7 + 3 - (-27 - (-139 + 194))?
92
-163 + 173 - (45 + -4)
-31
What is the value of 1 - -24 - 80 - -6?
-49
(-2 - 7) + (-21 - (6 - 31)) + -1 + -69
-75
Evaluate 10 - (13 - -104) - -56.
-51
What is the value of 11707 + -11822 + (80 - 0)?
-35
Evaluate (-6 - 17 - 9) + -10.
-42
-510 + 539 - ((3 - (0 - -1)) + 3)
24
What is the value of 6 + (0 - 3) + (25 - 46 - -63)?
45
What is (0 - 1) + (-1 - (2 - -25) - 14)?
-43
What is the value of -46 - -50 - (-49 + (7 - (4 - -9)))?
59
Evaluate 0 + 22 - ((38 - 23) + 7).
0
What is -26 - -1 - (949 - 982) - 82?
-74
What is (-19 + -1 - (537 + -556) - (0 + -6)) + 9?
14
43 + 64 + -45 + -27
35
1 + 13 + (-1 + 19 - 46)
-14
What is the value of (4998 - 4989) + (-21 - (2 + 2 + -5))?
-11
What is the value of -2812 - -2770 - (0 + -62)?
20
-41 + -49 + (40 - -15) + (1 - (1 + 1))
-36
6 + -7 + 1 + (-13 - 18) - 10
-41
Evaluate -7 - (2 - -2) - (-22 + -5 + 13).
3
Evaluate -45 + 24 + -8 - -28.
-1
What is the value of (-65 - (-113 + 69)) + -27?
-48
Evaluate -31 + (17 - ((4 - 14) + 19 - -1)).
-24
What is 95 + (5 - 118) + 54?
36
What is the value of 3 - -83 - (-7 - (-2 + 6 + 2))?
99
(11 - 2) + (20 + -14 - (6 + 3)) + 12
18
Evaluate 35 + -10 + -18 + 32.
39
-10 - (-3 + (-11 - (20 - 8)) + 11)
5
(10 - (-35 + 26)) + (33 - 57)
-5
(18 - 0 - (-8 + 12)) + (429 - 396)
47
What is the value of (2 - 34) + (19 - (-38 - -53))?
-28
What is (-7 - ((2 - -4) + -6)) + 7 - (13 + -60)?
47
Calculate 6 - (1 - -14) - (88 + -65).
-32
Evaluate (40 - -3) + -4 + -1 + 2 + 40 + -29.
51
What is the value of 9 + (24 - (27 + -44) - 178)?
-128
25 + 23 + (-29 - -12) + 9 + 4
44
Evaluate (42 - (21 + -34) - -26) + -15.
66
Calculate (0 - -10 - 1) + -1 + 13 + (43 - 66).
-2
What is 8 + (-23 - (-17 - 